{"id":34178,"date":"2024-07-28T21:23:34","date_gmt":"2024-07-28T19:23:34","guid":{"rendered":"https:\/\/ndsit.pl\/borekkids.ndsit.pl\/?post_type=product&#038;p=34178"},"modified":"2024-08-05T11:56:05","modified_gmt":"2024-08-05T09:56:05","slug":"bluzeczka-koci-domek-gabi-3","status":"publish","type":"product","link":"https:\/\/ndsit.pl\/borekkids.ndsit.pl\/product\/bluzeczka-koci-domek-gabi-3\/","title":{"rendered":"Bluzeczka \u201e Koci domek Gabi \u201e"},"content":{"rendered":"<div dir=\"auto\">Bluzeczka \u201e Koci Domek Gabi \u201e<\/div>\n<div dir=\"auto\">Mega jako\u015b\u0107 !<\/div>\n<div dir=\"auto\">Bawe\u0142na 100%<\/div>\n","protected":false},"excerpt":{"rendered":"<p>Bluzeczka \u201e Koci Domek Gabi \u201e Mega jako\u015b\u0107 ! Bawe\u0142na 100%<\/p>\n","protected":false},"featured_media":34173,"template":"","meta":[],"product_cat":[46],"product_tag":[],"class_list":{"0":"post-34178","1":"product","2":"type-product","3":"status-publish","4":"has-post-thumbnail","6":"product_cat-bluzki-koszule-dz","7":"pa_size-110-116","8":"pa_size-116-122","9":"pa_size-122-128","10":"pa_size-98-104","12":"first","13":"instock","14":"shipping-taxable","15":"purchasable","16":"product-type-variable"},"_links":{"self":[{"href":"https:\/\/ndsit.pl\/borekkids.ndsit.pl\/wp-json\/wp\/v2\/product\/34178","targetHints":{"allow":["GET"]}}],"collection":[{"href":"https:\/\/ndsit.pl\/borekkids.ndsit.pl\/wp-json\/wp\/v2\/product"}],"about":[{"href":"https:\/\/ndsit.pl\/borekkids.ndsit.pl\/wp-json\/wp\/v2\/types\/product"}],"wp:featuredmedia":[{"embeddable":true,"href":"https:\/\/ndsit.pl\/borekkids.ndsit.pl\/wp-json\/wp\/v2\/media\/34173"}],"wp:attachment":[{"href":"https:\/\/ndsit.pl\/borekkids.ndsit.pl\/wp-json\/wp\/v2\/media?parent=34178"}],"wp:term":[{"taxonomy":"product_cat","embeddable":true,"href":"https:\/\/ndsit.pl\/borekkids.ndsit.pl\/wp-json\/wp\/v2\/product_cat?post=34178"},{"taxonomy":"product_tag","embeddable":true,"href":"https:\/\/ndsit.pl\/borekkids.ndsit.pl\/wp-json\/wp\/v2\/product_tag?post=34178"}],"curies":[{"name":"wp","href":"https:\/\/api.w.org\/{rel}","templated":true}]}}