{"id":2185,"date":"2019-02-07T07:59:53","date_gmt":"2019-02-07T07:59:53","guid":{"rendered":"http:\/\/babystreet.althemist.com\/?page_id=2185"},"modified":"2024-04-20T12:29:34","modified_gmt":"2024-04-20T10:29:34","slug":"faq","status":"publish","type":"page","link":"https:\/\/ndsit.pl\/borekkids.ndsit.pl\/faq\/","title":{"rendered":"FAQ"},"content":{"rendered":"<div class=\"wpb-content-wrapper\"><p>[vc_row][vc_column][vc_empty_space][\/vc_column][\/vc_row][vc_row css=&#8221;.vc_custom_1550477335442{margin-bottom: 0px !important;border-bottom-width: 1px !important;padding-bottom: 80px !important;border-bottom-color: #f1f1f1 !important;border-bottom-style: solid !important;}&#8221;][vc_column css=&#8221;.vc_custom_1550477354192{padding-top: 0px !important;}&#8221;][vc_custom_heading text=&#8221;Najcz\u0119stsze pytania klient\u00f3w&#8221; font_container=&#8221;tag:h3|text_align:left&#8221; use_theme_fonts=&#8221;yes&#8221; css=&#8221;.vc_custom_1712831823203{margin-bottom: 60px !important;}&#8221;][vc_row_inner][vc_column_inner width=&#8221;1\/2&#8243;][vc_column_text css=&#8221;.vc_custom_1712831837210{margin-bottom: 20px !important;}&#8221;]<\/p>\n<h5>Jak dokona\u0107 zwrotu towaru?<\/h5>\n<p>[\/vc_column_text][vc_column_text]Aby dokona\u0107 zwrotu towaru przejd\u017a na stron\u0119: https:\/\/borekkids.pl\/zwrot i wype\u0142nij formularz zwrotu. Strona poprowadzi Ci\u0119 przez proces, a\u017c do nadania przesy\u0142ki.<\/p>\n<p>Mo\u017cesz r\u00f3wnie\u017c odes\u0142a\u0107 towar na wskazany adres w polityce zwrot\u00f3w:<\/p>\n<p>W\u0142adys\u0142awowo 31B<br \/>\n87-767 \u0141abiszyn[\/vc_column_text][\/vc_column_inner][vc_column_inner width=&#8221;1\/2&#8243;][vc_column_text css=&#8221;.vc_custom_1712831977360{margin-bottom: 20px !important;}&#8221;]<\/p>\n<h5>Jaki jest czas oczekiwania na zwrot \u015brodk\u00f3w?<\/h5>\n<p>[\/vc_column_text][vc_column_text]Na zwrot \u015brodk\u00f3w mamy 14dni od momentu dostarczenia przesy\u0142ki do naszej siedziby zwrot\u00f3w.<\/p>\n<p>O wszystkim poinformujemy Ci\u0119 mailowo.<\/p>\n<p>Zwrot dokonany b\u0119dzie na numer konta u\u017cyty podczas zam\u00f3wienia lub inny kt\u00f3ry wska\u017cesz w formularzu zwrotu.[\/vc_column_text][\/vc_column_inner][\/vc_row_inner][vc_row_inner][vc_column_inner width=&#8221;1\/2&#8243;][vc_column_text css=&#8221;.vc_custom_1712832064541{margin-bottom: 20px !important;}&#8221;]<\/p>\n<h5>Czy mo\u017cna otrzyma\u0107 rabat?<\/h5>\n<p>[\/vc_column_text][vc_column_text]Tak, na specjalne okazje oferujemy kupony rabatowe dla naszych klient\u00f3w. B\u0119dziemy informowa\u0107 o takich akcjach w naszych social mediach.[\/vc_column_text][\/vc_column_inner][vc_column_inner width=&#8221;1\/2&#8243;][vc_column_text css=&#8221;.vc_custom_1712832130867{margin-bottom: 20px !important;}&#8221;]<\/p>\n<h5>Jak u\u017cywa\u0107 kupon\u00f3w?<\/h5>\n<p>[\/vc_column_text][vc_column_text]Aby u\u017cy\u0107 kuponu rabatowego, podaj go podczas sk\u0142adania zam\u00f3wienia.[\/vc_column_text][\/vc_column_inner][\/vc_row_inner][\/vc_column][vc_column][\/vc_column][vc_column][\/vc_column][\/vc_row][vc_row css=&#8221;.vc_custom_1503251459286{margin-bottom: 0px !important;padding-top: 80px !important;padding-bottom: 80px !important;}&#8221;][vc_column][vc_custom_heading text=&#8221;Inne pytania&#8221; font_container=&#8221;tag:h3|text_align:left&#8221; use_theme_fonts=&#8221;yes&#8221; css=&#8221;.vc_custom_1712832164960{margin-bottom: 60px !important;}&#8221;][vc_row_inner][vc_column_inner width=&#8221;1\/2&#8243;][vc_toggle title=&#8221;Do you allow backorders?&#8221; style=&#8221;simple&#8221; open=&#8221;true&#8221;]Machine vision technology has been developed to track how fashions spread through society. The industry can now see the direct correlation on how fashion shows influence street-chic outfits. The effects can now be quantified and provide valuable feedback to fashion houses, designers and consumers regarding trends.[\/vc_toggle][vc_toggle title=&#8221;Are there benefits for registered users?&#8221; style=&#8221;simple&#8221;]Machine vision technology has been developed to track how fashions spread through society. The industry can now see the direct correlation on how fashion shows influence street-chic outfits. The effects can now be quantified and provide valuable feedback to fashion houses, designers and consumers regarding trends.[\/vc_toggle][vc_toggle title=&#8221;Which size to chose &#8211; EU vs US?&#8221; style=&#8221;simple&#8221;]Machine vision technology has been developed to track how fashions spread through society. The industry can now see the direct correlation on how fashion shows influence street-chic outfits. The effects can now be quantified and provide valuable feedback to fashion houses, designers and consumers regarding trends.[\/vc_toggle][\/vc_column_inner][vc_column_inner width=&#8221;1\/2&#8243;][vc_toggle title=&#8221;What payment methods are available?&#8221; style=&#8221;simple&#8221; open=&#8221;true&#8221;]Machine vision technology has been developed to track how fashions spread through society. The industry can now see the direct correlation on how fashion shows influence street-chic outfits. The effects can now be quantified and provide valuable feedback to fashion houses, designers and consumers regarding trends.[\/vc_toggle][vc_toggle title=&#8221;Do you have an affiliate program?&#8221; style=&#8221;simple&#8221;]Machine vision technology has been developed to track how fashions spread through society. The industry can now see the direct correlation on how fashion shows influence street-chic outfits. The effects can now be quantified and provide valuable feedback to fashion houses, designers and consumers regarding trends.[\/vc_toggle][vc_toggle title=&#8221;Do you offer gift wrapping?&#8221; style=&#8221;simple&#8221;]Machine vision technology has been developed to track how fashions spread through society. The industry can now see the direct correlation on how fashion shows influence street-chic outfits. The effects can now be quantified and provide valuable feedback to fashion houses, designers and consumers regarding trends.[\/vc_toggle][\/vc_column_inner][\/vc_row_inner][\/vc_column][\/vc_row][vc_row][vc_column][vc_empty_space][\/vc_column][\/vc_row]<\/p>\n<\/div>","protected":false},"excerpt":{"rendered":"<p>[vc_row][vc_column][vc_empty_space][\/vc_column][\/vc_row][vc_row css=&#8221;.vc_custom_1550477335442{margin-bottom: 0px !important;border-bottom-width: 1px !important;padding-bottom: 80px !important;border-bottom-color: #f1f1f1 !important;border-bottom-style: solid !important;}&#8221;][vc_column css=&#8221;.vc_custom_1550477354192{padding-top: 0px !important;}&#8221;][vc_custom_heading text=&#8221;Najcz\u0119stsze pytania klient\u00f3w&#8221; font_container=&#8221;tag:h3|text_align:left&#8221; use_theme_fonts=&#8221;yes&#8221; css=&#8221;.vc_custom_1712831823203{margin-bottom: 60px !important;}&#8221;][vc_row_inner][vc_column_inner width=&#8221;1\/2&#8243;][vc_column_text css=&#8221;.vc_custom_1712831837210{margin-bottom: 20px !important;}&#8221;] Jak dokona\u0107 zwrotu towaru? [\/vc_column_text][vc_column_text]Aby dokona\u0107 zwrotu towaru przejd\u017a na stron\u0119: https:\/\/borekkids.pl\/zwrot i wype\u0142nij formularz zwrotu. Strona poprowadzi Ci\u0119 przez proces, a\u017c do nadania przesy\u0142ki. Mo\u017cesz r\u00f3wnie\u017c odes\u0142a\u0107&#8230;<a class=\"r_more_blog\" href=\"https:\/\/ndsit.pl\/borekkids.ndsit.pl\/faq\/#more-2185\"> continue reading<\/a><\/p>\n","protected":false},"author":1,"featured_media":0,"parent":0,"menu_order":0,"comment_status":"closed","ping_status":"closed","template":"","meta":{"footnotes":""},"class_list":["post-2185","page","type-page","status-publish","hentry"],"_links":{"self":[{"href":"https:\/\/ndsit.pl\/borekkids.ndsit.pl\/wp-json\/wp\/v2\/pages\/2185","targetHints":{"allow":["GET"]}}],"collection":[{"href":"https:\/\/ndsit.pl\/borekkids.ndsit.pl\/wp-json\/wp\/v2\/pages"}],"about":[{"href":"https:\/\/ndsit.pl\/borekkids.ndsit.pl\/wp-json\/wp\/v2\/types\/page"}],"author":[{"embeddable":true,"href":"https:\/\/ndsit.pl\/borekkids.ndsit.pl\/wp-json\/wp\/v2\/users\/1"}],"replies":[{"embeddable":true,"href":"https:\/\/ndsit.pl\/borekkids.ndsit.pl\/wp-json\/wp\/v2\/comments?post=2185"}],"version-history":[{"count":3,"href":"https:\/\/ndsit.pl\/borekkids.ndsit.pl\/wp-json\/wp\/v2\/pages\/2185\/revisions"}],"predecessor-version":[{"id":33122,"href":"https:\/\/ndsit.pl\/borekkids.ndsit.pl\/wp-json\/wp\/v2\/pages\/2185\/revisions\/33122"}],"wp:attachment":[{"href":"https:\/\/ndsit.pl\/borekkids.ndsit.pl\/wp-json\/wp\/v2\/media?parent=2185"}],"curies":[{"name":"wp","href":"https:\/\/api.w.org\/{rel}","templated":true}]}}