{"id":2181,"date":"2019-02-07T07:59:13","date_gmt":"2019-02-07T07:59:13","guid":{"rendered":"http:\/\/babystreet.althemist.com\/?page_id=2181"},"modified":"2024-04-10T22:57:12","modified_gmt":"2024-04-10T20:57:12","slug":"about-us","status":"publish","type":"page","link":"https:\/\/ndsit.pl\/borekkids.ndsit.pl\/about-us\/","title":{"rendered":"O nas"},"content":{"rendered":"<div class=\"wpb-content-wrapper\"><p>[vc_row gap=&#8221;35&#8243; content_placement=&#8221;middle&#8221; css=&#8221;.vc_custom_1550319091054{margin-bottom: 0px !important;padding-top: 80px !important;padding-bottom: 80px !important;}&#8221;][vc_column width=&#8221;1\/2&#8243;][vc_single_image image=&#8221;2009&#8243; img_size=&#8221;650&#215;450&#8243; style=&#8221;vc_box_rounded&#8221; css=&#8221;.vc_custom_1550330082628{margin-bottom: 0px !important;}&#8221;][\/vc_column][vc_column width=&#8221;1\/2&#8243;][vc_column_text css=&#8221;.vc_custom_1712782136858{margin-bottom: 10px !important;}&#8221;]<\/p>\n<h3>Motto<\/h3>\n<p>[\/vc_column_text][vc_column_text css=&#8221;.vc_custom_1712782097727{margin-bottom: 15px !important;}&#8221;]Wierzymy, \u017ce dzieci\u0144stwo to \u015bwi\u0119to, a kolorowe nadruki i urocze postacie, kt\u00f3re projektujemy, inspirowane s\u0105 rado\u015bci\u0105 i mi\u0142o\u015bci\u0105, jak\u0105 dzieci wnosz\u0105 w nasze \u017cycie. \u015awi\u0119tujemy dzieci\u0144stwo, wspieraj\u0105c niemowl\u0119ta, dzieci i rodziny przemy\u015blanymi projektami, wysokiej jako\u015bci materia\u0142ami i konstrukcj\u0105 oraz wygodnymi opcjami zakup\u00f3w.[\/vc_column_text][vc_single_image image=&#8221;2562&#8243; img_size=&#8221;160&#215;63&#8243; css=&#8221;.vc_custom_1550319451345{margin-bottom: 0px !important;}&#8221;][\/vc_column][\/vc_row][vc_row full_width=&#8221;stretch_row&#8221; content_placement=&#8221;middle&#8221; css=&#8221;.vc_custom_1550327660573{margin-bottom: 0px !important;border-top-width: 1px !important;border-bottom-width: 1px !important;padding-top: 80px !important;padding-bottom: 80px !important;background-color: #ebf7fa !important;border-top-color: #ecf5f6 !important;border-top-style: solid !important;border-bottom-color: #ecf5f6 !important;border-bottom-style: solid !important;}&#8221;][vc_column width=&#8221;1\/3&#8243;]        <div class=\"wpb_content_element\">\n            <div class=\"babystreet-iconbox   babystreet-image-icon\">\n                <div class=\"icon_wrapper\">\n                    <span class=\"icon_inner\" style=\"background-color:#81d1e5;\">\n                        \t\t\t\t\t\t\t<img loading=\"lazy\" decoding=\"async\" width=\"60\" height=\"60\" src=\"https:\/\/ndsit.pl\/borekkids.ndsit.pl\/wp-content\/uploads\/2019\/02\/boys-shirts-60x60.jpg\" class=\"attachment-babystreet-widgets-thumb size-babystreet-widgets-thumb\" alt=\"Pi\u0119kne modele\" srcset=\"https:\/\/ndsit.pl\/borekkids.ndsit.pl\/wp-content\/uploads\/2019\/02\/boys-shirts-60x60.jpg 60w, https:\/\/ndsit.pl\/borekkids.ndsit.pl\/wp-content\/uploads\/2019\/02\/boys-shirts-300x300.jpg 300w, https:\/\/ndsit.pl\/borekkids.ndsit.pl\/wp-content\/uploads\/2019\/02\/boys-shirts-100x100.jpg 100w, https:\/\/ndsit.pl\/borekkids.ndsit.pl\/wp-content\/uploads\/2019\/02\/boys-shirts-150x150.jpg 150w\" sizes=\"auto, (max-width: 60px) 100vw, 60px\" \/>                                            <\/span>\n                <\/div>\n                <div class=\"iconbox_content\">\n                                            <h5 style=\"color:#333333;\">Pi\u0119kne modele<\/h5>\n                                                            <div class=\"iconbox_text_content\">\n                        Nasza kolekcja zawiera najnowsze trendy najlepszych marek!                    <\/div>\n                <\/div>\n            <\/div>\n        <\/div>\n        [\/vc_column][vc_column width=&#8221;1\/3&#8243;]        <div class=\"wpb_content_element\">\n            <div class=\"babystreet-iconbox   babystreet-image-icon\">\n                <div class=\"icon_wrapper\">\n                    <span class=\"icon_inner\" style=\"background-color:#81d1e5;\">\n                        \t\t\t\t\t\t\t<img loading=\"lazy\" decoding=\"async\" width=\"60\" height=\"60\" src=\"https:\/\/ndsit.pl\/borekkids.ndsit.pl\/wp-content\/uploads\/2019\/02\/boys-jumpsuits-60x60.jpg\" class=\"attachment-babystreet-widgets-thumb size-babystreet-widgets-thumb\" alt=\"Niesamowite produkty\" srcset=\"https:\/\/ndsit.pl\/borekkids.ndsit.pl\/wp-content\/uploads\/2019\/02\/boys-jumpsuits-60x60.jpg 60w, https:\/\/ndsit.pl\/borekkids.ndsit.pl\/wp-content\/uploads\/2019\/02\/boys-jumpsuits-300x300.jpg 300w, https:\/\/ndsit.pl\/borekkids.ndsit.pl\/wp-content\/uploads\/2019\/02\/boys-jumpsuits-100x100.jpg 100w, https:\/\/ndsit.pl\/borekkids.ndsit.pl\/wp-content\/uploads\/2019\/02\/boys-jumpsuits-150x150.jpg 150w\" sizes=\"auto, (max-width: 60px) 100vw, 60px\" \/>                                            <\/span>\n                <\/div>\n                <div class=\"iconbox_content\">\n                                            <h5 style=\"color:#333333;\">Niesamowite produkty<\/h5>\n                                                            <div class=\"iconbox_text_content\">\n                        Starannie dobrane i przygotowane produkty oczekuj\u0105 na wysy\u0142k\u0119 do Ciebie \ud83d\ude42                    <\/div>\n                <\/div>\n            <\/div>\n        <\/div>\n        [\/vc_column][vc_column width=&#8221;1\/3&#8243;]        <div class=\"wpb_content_element\">\n            <div class=\"babystreet-iconbox   babystreet-image-icon\">\n                <div class=\"icon_wrapper\">\n                    <span class=\"icon_inner\" style=\"background-color:#81d1e5;\">\n                        \t\t\t\t\t\t\t<img loading=\"lazy\" decoding=\"async\" width=\"60\" height=\"60\" src=\"https:\/\/ndsit.pl\/borekkids.ndsit.pl\/wp-content\/uploads\/2019\/02\/boys-jeans-60x60.jpg\" class=\"attachment-babystreet-widgets-thumb size-babystreet-widgets-thumb\" alt=\"Najwy\u017csza jako\u015b\u0107\" srcset=\"https:\/\/ndsit.pl\/borekkids.ndsit.pl\/wp-content\/uploads\/2019\/02\/boys-jeans-60x60.jpg 60w, https:\/\/ndsit.pl\/borekkids.ndsit.pl\/wp-content\/uploads\/2019\/02\/boys-jeans-300x300.jpg 300w, https:\/\/ndsit.pl\/borekkids.ndsit.pl\/wp-content\/uploads\/2019\/02\/boys-jeans-100x100.jpg 100w, https:\/\/ndsit.pl\/borekkids.ndsit.pl\/wp-content\/uploads\/2019\/02\/boys-jeans-150x150.jpg 150w\" sizes=\"auto, (max-width: 60px) 100vw, 60px\" \/>                                            <\/span>\n                <\/div>\n                <div class=\"iconbox_content\">\n                                            <h5 style=\"color:#333333;\">Najwy\u017csza jako\u015b\u0107<\/h5>\n                                                            <div class=\"iconbox_text_content\">\n                        Oferujemy odzie\u017c najwy\u017cszej jako\u015bci!                    <\/div>\n                <\/div>\n            <\/div>\n        <\/div>\n        [\/vc_column][\/vc_row][vc_row gap=&#8221;35&#8243; content_placement=&#8221;middle&#8221; css=&#8221;.vc_custom_1550319091054{margin-bottom: 0px !important;padding-top: 80px !important;padding-bottom: 80px !important;}&#8221;][vc_column width=&#8221;1\/2&#8243;][vc_column_text css=&#8221;.vc_custom_1712782241877{margin-bottom: 10px !important;}&#8221;]<\/p>\n<h3>Filozofia<\/h3>\n<p>[\/vc_column_text][vc_column_text]Wierzymy, \u017ce dzieci\u0144stwo to \u015bwi\u0119to, a kolorowe nadruki i urocze postacie, kt\u00f3re projektujemy, inspirowane s\u0105 rado\u015bci\u0105 i mi\u0142o\u015bci\u0105, jak\u0105 dzieci wnosz\u0105 w nasze \u017cycie. \u015awi\u0119tujemy dzieci\u0144stwo, wspieraj\u0105c dzieci i rodziny przemy\u015blanymi projektami, wysokiej jako\u015bci materia\u0142ami i wygodnymi opcjami zakup\u00f3w.<\/p>\n<p>Kontynuujemy to dziedzictwo w ka\u017cdym najdrobniejszym szczeg\u00f3le, aby u\u0142atwia\u0107 ubieranie mamie i \u017cycie dzieciom, a wkraczaj\u0105c w przysz\u0142o\u015b\u0107, z dum\u0105 pomagamy rodzinom takim jak Twoja dzi\u0119ki innowacyjnym produktom.[\/vc_column_text][vc_btn title=&#8221;Przejd\u017a do sklepu&#8221; style=&#8221;custom&#8221; custom_background=&#8221;#ff8087&#8243; custom_text=&#8221;#ffffff&#8221; shape=&#8221;round&#8221; link=&#8221;url:https%3A%2F%2Fndsit.pl%2Fborekkids.ndsit.pl%2Fshop%2F|title:BabyStreet%20Shop&#8221; css=&#8221;.vc_custom_1712782282001{margin-bottom: 0px !important;}&#8221;][\/vc_column][vc_column width=&#8221;1\/2&#8243;][vc_single_image image=&#8221;2107&#8243; img_size=&#8221;650&#215;450&#8243; style=&#8221;vc_box_rounded&#8221;][\/vc_column][\/vc_row]<\/p>\n<\/div>","protected":false},"excerpt":{"rendered":"<p>[vc_row gap=&#8221;35&#8243; content_placement=&#8221;middle&#8221; css=&#8221;.vc_custom_1550319091054{margin-bottom: 0px !important;padding-top: 80px !important;padding-bottom: 80px !important;}&#8221;][vc_column width=&#8221;1\/2&#8243;][vc_single_image image=&#8221;2009&#8243; img_size=&#8221;650&#215;450&#8243; style=&#8221;vc_box_rounded&#8221; css=&#8221;.vc_custom_1550330082628{margin-bottom: 0px !important;}&#8221;][\/vc_column][vc_column width=&#8221;1\/2&#8243;][vc_column_text css=&#8221;.vc_custom_1712782136858{margin-bottom: 10px !important;}&#8221;] Motto [\/vc_column_text][vc_column_text css=&#8221;.vc_custom_1712782097727{margin-bottom: 15px !important;}&#8221;]Wierzymy, \u017ce dzieci\u0144stwo to \u015bwi\u0119to, a kolorowe nadruki i urocze postacie, kt\u00f3re projektujemy, inspirowane s\u0105 rado\u015bci\u0105 i mi\u0142o\u015bci\u0105, jak\u0105 dzieci wnosz\u0105 w nasze \u017cycie. \u015awi\u0119tujemy dzieci\u0144stwo, wspieraj\u0105c niemowl\u0119ta, dzieci i&#8230;<a class=\"r_more_blog\" href=\"https:\/\/ndsit.pl\/borekkids.ndsit.pl\/about-us\/#more-2181\"> continue reading<\/a><\/p>\n","protected":false},"author":1,"featured_media":0,"parent":0,"menu_order":0,"comment_status":"closed","ping_status":"closed","template":"","meta":{"footnotes":""},"class_list":["post-2181","page","type-page","status-publish","hentry"],"_links":{"self":[{"href":"https:\/\/ndsit.pl\/borekkids.ndsit.pl\/wp-json\/wp\/v2\/pages\/2181","targetHints":{"allow":["GET"]}}],"collection":[{"href":"https:\/\/ndsit.pl\/borekkids.ndsit.pl\/wp-json\/wp\/v2\/pages"}],"about":[{"href":"https:\/\/ndsit.pl\/borekkids.ndsit.pl\/wp-json\/wp\/v2\/types\/page"}],"author":[{"embeddable":true,"href":"https:\/\/ndsit.pl\/borekkids.ndsit.pl\/wp-json\/wp\/v2\/users\/1"}],"replies":[{"embeddable":true,"href":"https:\/\/ndsit.pl\/borekkids.ndsit.pl\/wp-json\/wp\/v2\/comments?post=2181"}],"version-history":[{"count":3,"href":"https:\/\/ndsit.pl\/borekkids.ndsit.pl\/wp-json\/wp\/v2\/pages\/2181\/revisions"}],"predecessor-version":[{"id":33069,"href":"https:\/\/ndsit.pl\/borekkids.ndsit.pl\/wp-json\/wp\/v2\/pages\/2181\/revisions\/33069"}],"wp:attachment":[{"href":"https:\/\/ndsit.pl\/borekkids.ndsit.pl\/wp-json\/wp\/v2\/media?parent=2181"}],"curies":[{"name":"wp","href":"https:\/\/api.w.org\/{rel}","templated":true}]}}